103
Calculate the highest common factor of 656032 and 1007786.
2158
Calculate the highest common divisor of 7562556 and 216.
36
Calculate the greatest common factor of 965752 and 20496.
488
Calculate the greatest common factor of 4620 and 117067764.
132
What is the greatest common factor of 104 and 988416?
104
Calculate the highest common factor of 915651 and 2277.
99
Calculate the greatest common factor of 2734868 and 1928.
964
What is the greatest common factor of 251 and 15009047?
251
What is the highest common divisor of 29606722 and 1516?
758
What is the highest common divisor of 129 and 1030137?
3
What is the highest common divisor of 57554 and 420?
14
What is the greatest common factor of 2745 and 1608021?
549
What is the highest common factor of 35631712 and 32?
32
What is the greatest common factor of 9 and 377029467?
9
What is the highest common factor of 599386 and 51?
17
What is the greatest common factor of 48200012 and 13836?
4612
Calculate the highest common factor of 44 and 100705110.
22
Calculate the greatest common factor of 158 and 377086118.
158
What is the greatest common divisor of 522 and 1717351?
29
What is the highest common divisor of 2010870 and 2700?
90
Calculate the highest common factor of 2483312 and 12116.
52
Calculate the highest common divisor of 325505 and 14740.
5
What is the highest common divisor of 159 and 29171253?
159
What is the greatest common factor of 50 and 883440?
10
What is the highest common divisor of 672 and 28404432?
336
What is the highest common factor of 3186 and 313998?
354
Calculate the greatest common divisor of 96857881 and 118.
59
What is the highest common divisor of 243 and 16675695?
9
What is the greatest common divisor of 811331 and 11124?
103
Calculate the greatest common divisor of 1065605 and 10295.
145
Calculate the greatest common factor of 2371321 and 688.
43
What is the highest common divisor of 330 and 407250?
30
Calculate the highest common divisor of 265 and 45673280.
265
What is the highest common factor of 3709097828 and 13556?
13556
Calculate the highest common factor of 95 and 62240333.
19
Calculate the highest common factor of 90 and 22622610.
30
Calculate the greatest common factor of 58166633 and 434.
217
Calculate the highest common divisor of 2746282 and 39270.
2618
Calculate the greatest common divisor of 136287488 and 512.
256
Calculate the highest common factor of 74781805 and 7.
7
What is the highest common factor of 796368 and 110544?
2256
Calculate the highest common factor of 69625380 and 656.
164
What is the highest common factor of 1855373 and 5165804?
3481
Calculate the greatest common divisor of 182574428 and 37.
37
Calculate the greatest common factor of 2912 and 8884148.
364
What is the highest common divisor of 400 and 3489712?
16
Calculate the greatest common factor of 252963 and 31509.
81
What is the highest common factor of 85904 and 97468?
1652
Calculate the greatest common divisor of 4554 and 1451967.
759
What is the highest common divisor of 462750264 and 504?
72
Calculate the highest common divisor of 631251 and 171.
9
What is the greatest common factor of 406 and 4009922?
14
Calculate the greatest common divisor of 421247625 and 375.
375
What is the highest common factor of 871 and 363545?
13
Calculate the highest common divisor of 448 and 24177076.
28
Calculate the greatest common divisor of 1580 and 4019915.
395
What is the greatest common factor of 48 and 1050723912?
24
Calculate the greatest common factor of 49 and 10779481.
1
What is the greatest common divisor of 368937765 and 630?
315
What is the greatest common factor of 1555006 and 121528?
2762
What is the highest common factor of 555395 and 540650?
4915
Calculate the highest common divisor of 7539618 and 304.
38
Calculate the highest common divisor of 2443060 and 1035.
115
Calculate the greatest common factor of 1686 and 575826.
6
Calculate the highest common factor of 1583460 and 1729.
19
What is the greatest common divisor of 42463146 and 22?
22
What is the highest common divisor of 22049195 and 770?
35
What is the greatest common factor of 925754 and 1071138?
2138
What is the highest common divisor of 219362967 and 45?
9
Calculate the highest common factor of 27062042 and 4294.
38
What is the greatest common factor of 147 and 83253?
3
What is the greatest common factor of 1158819 and 59?
59
Calculate the greatest common factor of 655923697 and 3146.
1573
Calculate the greatest common factor of 441 and 212709.
147
What is the greatest common factor of 21 and 35159166?
21
What is the highest common factor of 1343 and 3682336?
17
Calculate the greatest common factor of 106631488 and 246.
82
What is the greatest common factor of 246 and 1091338?
82
Calculate the greatest common factor of 251 and 18528067.
251
What is the highest common factor of 48908321 and 2555?
511
Calculate the highest common factor of 172867653 and 231.
21
Calculate the highest common factor of 13843960 and 39500.
1580
Calculate the highest common factor of 155245 and 244366.
61
What is the highest common divisor of 51097329 and 69?
69
Calculate the highest common divisor of 159222 and 4998.
714
What is the greatest common divisor of 482176862 and 617?
617
What is the highest common factor of 609 and 346798182?
87
Calculate the greatest common divisor of 9120619 and 51.
17
Calculate the highest common divisor of 3001587250 and 125.
125
What is the greatest common factor of 479637520 and 1520?
1520
What is the greatest common divisor of 175000 and 904400?
1400
Calculate the greatest common divisor of 1678962308 and 3364.
3364
What is the greatest common divisor of 687822 and 469?
67
Calculate the highest common divisor of 13833 and 45703278.
477
Calculate the highest common divisor of 7260 and 11287122.
726
What is the highest common factor of 240 and 49199280?
240
What is the highest common factor of 5495899 and 18455?
3691
Calculate the highest common factor of 3430 and 27307945.
1715
What is the highest common factor of 188670 and 1817958?
114
What is the greatest common divisor of 29778 and 7044624?
4254
Calculate the highest common divisor of 2078519 and 15469.
31
Calculate the highest common divisor of 8 and 6111416.
8
What is the highest common divisor of 81060 and 5820?
60
What is the greatest common factor of 1877029 and 4907?
7
Calculate the greatest common factor of 284 and 32862776.
284
What is the greatest common divisor of 332 and 76781972?
332
What is the highest common divisor of 36018304 and 14?
14
Calculate the highest common divisor of 31520 and 27598124.
788
What is the highest common factor of 135 and 140603265?
45
What is the greatest common divisor of 2069608 and 610?
122
Calculate the highest common factor of 3060 and 495657.
9
What is the greatest common divisor of 3240380 and 8034?
2678
Calculate the greatest common divisor of 328677 and 23389.
1231
Calculate the greatest common divisor of 3864650 and 1258.
74
What is the greatest common divisor of 444 and 7991754?
6
What is the greatest common divisor of 5334 and 120343930?
1778
What is the highest common factor of 49714 and 70826?
14
Calculate the highest common divisor of 113215530 and 390.
30
What is the greatest common factor of 17920 and 69968?
16
Calculate the highest common factor of 494100 and 7620.
60
What is the highest common divisor of 1362249 and 6615?
441
Calculate the highest common divisor of 2697 and 414594.
93
Calculate the highest common factor of 2136 and 27835284.
1068
What is the greatest common divisor of 63767 and 59299196?
2057
Calculate the highest common divisor of 27445687 and 145.
29
What is the greatest common divisor of 677750 and 1000?
250
Calculate the greatest common factor of 355765 and 10.
5
Calculate the highest common divisor of 3444 and 156531522.
1722
What is the greatest common factor of 868 and 162967?
217
Calculate the highest common divisor of 47925 and 1830025.
1775
What is the highest common divisor of 6837048 and 13608?
1944
Calculate the greatest common factor of 136 and 11847592.
8
Calculate the greatest common divisor of 40 and 465311100.
20
Calculate the highest common factor of 2958102 and 21420.
2142
Calculate the greatest common divisor of 61198 and 52984.
74
Calculate the gre